[INFO] cloning repository https://github.com/nervosnetwork/polyjuice
[INFO] running `Command { std: "git" "-c" "credential.helper=" "-c" "credential.helper=/workspace/cargo-home/bin/git-credential-null" "clone" "--bare" "https://github.com/nervosnetwork/polyjuice" "/workspace/cache/git-repos/https%3A%2F%2Fgithub.com%2Fnervosnetwork%2Fpolyjuice", kill_on_drop: false }`
[INFO] [stderr] Cloning into bare repository '/workspace/cache/git-repos/https%3A%2F%2Fgithub.com%2Fnervosnetwork%2Fpolyjuice'...
[INFO] running `Command { std: "git" "rev-parse" "HEAD", kill_on_drop: false }`
[INFO] [stdout] a871596e02efed3ca86ba84346257fa2327defd1
[INFO] checking nervosnetwork/polyjuice against master#af3c6e733a40e671550e0f0f5aeecaa13772ba56 for pr-74989
[INFO] running `Command { std: "git" "clone" "/workspace/cache/git-repos/https%3A%2F%2Fgithub.com%2Fnervosnetwork%2Fpolyjuice" "/workspace/builds/worker-3/source", kill_on_drop: false }`
[INFO] [stderr] Cloning into '/workspace/builds/worker-3/source'...
[INFO] [stderr] done.
[INFO] validating manifest of git repo https://github.com/nervosnetwork/polyjuice on toolchain af3c6e733a40e671550e0f0f5aeecaa13772ba56
[INFO] running `Command { std: "/workspace/cargo-home/bin/cargo" "+af3c6e733a40e671550e0f0f5aeecaa13772ba56" "read-manifest" "--manifest-path" "Cargo.toml", kill_on_drop: false }`
[INFO] started tweaking git repo https://github.com/nervosnetwork/polyjuice
[INFO] finished tweaking git repo https://github.com/nervosnetwork/polyjuice
[INFO] tweaked toml for git repo https://github.com/nervosnetwork/polyjuice written to /workspace/builds/worker-3/source/Cargo.toml
[INFO] crate git repo https://github.com/nervosnetwork/polyjuice already has a lockfile, it will not be regenerated
[INFO] running `Command { std: "/workspace/cargo-home/bin/cargo" "+af3c6e733a40e671550e0f0f5aeecaa13772ba56" "fetch" "--locked" "--manifest-path" "Cargo.toml", kill_on_drop: false }`
[INFO] [stderr]     Updating git repository `https://github.com/nervosnetwork/ckb`
[INFO] [stderr]     Updating git submodule `https://github.com/nervosnetwork/ckb-tests.git`
[INFO] [stderr]     Updating git repository `https://github.com/nervosnetwork/ckb-cli`
[INFO] [stderr]     Updating git repository `https://github.com/TheWaWaR/ckb-simple-account-layer.git`
[INFO] [stderr]     Updating git submodule `https://github.com/nervosnetwork/ckb-c-stdlib`
[INFO] [stderr]     Blocking waiting for file lock on package cache
[INFO] [stderr]  Downloading crates ...
[INFO] [stderr]   Downloaded scroll v0.10.1
[INFO] [stderr]   Downloaded scroll_derive v0.10.2
[INFO] [stderr]   Downloaded bit-vec v0.5.1
[INFO] [stderr]   Downloaded goblin v0.2.3
[INFO] [stderr]   Downloaded stream-cipher v0.3.2
[INFO] [stderr]   Downloaded faster-hex v0.4.1
[INFO] [stderr]   Downloaded serde v1.0.112
[INFO] [stderr]   Downloaded rayon v1.3.1
[INFO] [stderr]   Downloaded serde_derive v1.0.112
[INFO] [stderr]   Downloaded ckb-vm-definitions v0.19.1
[INFO] [stderr]   Downloaded replace_with v0.1.5
[INFO] [stderr]   Downloaded merkle-cbt v0.2.2
[INFO] [stderr]   Downloaded ctrlc v3.1.4
[INFO] [stderr]   Downloaded scrypt v0.2.0
[INFO] [stderr]   Downloaded enum-display-derive v0.1.0
[INFO] [stderr]   Downloaded jsonrpc-derive v14.2.1
[INFO] [stderr]   Downloaded crossbeam-queue v0.2.3
[INFO] [stderr]   Downloaded includedir_codegen v0.5.0
[INFO] [stderr]   Downloaded jsonrpc-http-server v14.2.0
[INFO] [stderr]   Downloaded aes-ctr v0.3.0
[INFO] [stderr]   Downloaded jsonrpc-server-utils v14.2.0
[INFO] [stderr]   Downloaded miniz_oxide v0.3.7
[INFO] [stderr]   Downloaded proc-macro-crate v0.1.4
[INFO] [stderr]   Downloaded jsonrpc-core v14.2.0
[INFO] [stderr]   Downloaded wasm-bindgen-futures v0.4.13
[INFO] [stderr]   Downloaded adler32 v1.1.0
[INFO] [stderr]   Downloaded molecule v0.6.0
[INFO] [stderr]   Downloaded globset v0.4.5
[INFO] [stderr]   Downloaded wasm-bindgen-shared v0.2.63
[INFO] [stderr]   Downloaded wasm-bindgen-macro v0.2.63
[INFO] [stderr]   Downloaded rocksdb v0.14.0
[INFO] [stderr]   Downloaded backtrace v0.3.49
[INFO] [stderr]   Downloaded reqwest v0.10.6
[INFO] [stderr]   Downloaded serde_json v1.0.55
[INFO] [stderr]   Downloaded numext-fixed-uint-core v0.1.4
[INFO] [stderr]   Downloaded secp256k1-sys v0.1.2
[INFO] [stderr]   Downloaded ckb-vm v0.19.1
[INFO] [stderr]   Downloaded ckb-system-scripts v0.5.1
[INFO] [stderr]   Downloaded syn v1.0.31
[INFO] [stderr]   Downloaded derive_more v0.99.8
[INFO] [stderr]   Downloaded ctr v0.3.2
[INFO] [stderr]   Downloaded wasm-bindgen v0.2.63
[INFO] [stderr]   Downloaded numext-constructor v0.1.4
[INFO] [stderr]   Downloaded wasm-bindgen-backend v0.2.63
[INFO] [stderr]   Downloaded js-sys v0.3.40
[INFO] [stderr]   Downloaded nom v5.1.2
[INFO] [stderr]   Downloaded bindgen v0.53.3
[INFO] [stderr]   Downloaded hyper v0.13.6
[INFO] [stderr]   Downloaded includedir v0.5.0
[INFO] [stderr]   Downloaded plain v0.2.3
[INFO] [stderr]   Downloaded secp256k1 v0.17.2
[INFO] [stderr]   Downloaded bech32 v0.6.0
[INFO] [stderr]   Downloaded bstr v0.2.13
[INFO] [stderr]   Downloaded memmap v0.7.0
[INFO] [stderr]   Downloaded bincode v1.2.1
[INFO] [stderr]   Downloaded web-sys v0.3.40
[INFO] [stderr]   Downloaded clang-sys v0.29.3
[INFO] [stderr]   Downloaded pbkdf2 v0.3.0
[INFO] [stderr]   Downloaded faster-hex v0.3.1
[INFO] [stderr]   Downloaded rayon-core v1.7.1
[INFO] [stderr]   Downloaded numext-fixed-uint v0.1.4
[INFO] [stderr]   Downloaded wasm-bindgen-macro-support v0.2.63
[INFO] [stderr]   Downloaded libloading v0.5.2
[INFO] [stderr]   Downloaded base64 v0.12.2
[INFO] [stderr]   Downloaded bitcoin_hashes v0.3.2
[INFO] [stderr]   Downloaded eaglesong v0.1.0
[INFO] [stderr]   Downloaded numext-fixed-uint-hack v0.1.4
[INFO] [stderr]   Downloaded hermit-abi v0.1.14
[INFO] [stderr]   Downloaded blake2b-rs v0.1.5
[INFO] [stderr]   Downloaded sparse-merkle-tree v0.3.0
[INFO] [stderr]   Downloaded heapsize v0.4.2
[INFO] [stderr]   Downloaded cc v1.0.41
[INFO] [stderr]   Downloaded librocksdb-sys v6.7.4
[INFO] running `Command { std: "docker" "create" "-v" "/var/lib/crater-agent-workspace/builds/worker-3/target:/opt/rustwide/target:rw,Z" "-v" "/var/lib/crater-agent-workspace/builds/worker-3/source:/opt/rustwide/workdir:ro,Z" "-v" "/var/lib/crater-agent-workspace/cargo-home:/opt/rustwide/cargo-home:ro,Z" "-v" "/var/lib/crater-agent-workspace/rustup-home:/opt/rustwide/rustup-home:ro,Z" "-e" "SOURCE_DIR=/opt/rustwide/workdir" "-e" "CARGO_TARGET_DIR=/opt/rustwide/target" "-e" "CARGO_HOME=/opt/rustwide/cargo-home" "-e" "RUSTUP_HOME=/opt/rustwide/rustup-home" "-w" "/opt/rustwide/workdir" "-m" "1610612736" "--user" "0:0" "--network" "none" "rustops/crates-build-env@sha256:d92eaeed33fa75130ca1ee6c8a01d1ffb62bac859dfdfb3450e3e5d1c0146529" "/opt/rustwide/cargo-home/bin/cargo" "+af3c6e733a40e671550e0f0f5aeecaa13772ba56" "metadata" "--no-deps" "--format-version=1", kill_on_drop: false }`
[INFO] [stderr] WARNING: Your kernel does not support swap limit capabilities or the cgroup is not mounted. Memory limited without swap.
[INFO] [stdout] 9fb57b5000a0d4869de2ce13bdff40aa72cf89a2eb39627543430f9d58686208
[INFO] running `Command { std: "docker" "start" "-a" "9fb57b5000a0d4869de2ce13bdff40aa72cf89a2eb39627543430f9d58686208", kill_on_drop: false }`
[INFO] running `Command { std: "docker" "inspect" "9fb57b5000a0d4869de2ce13bdff40aa72cf89a2eb39627543430f9d58686208", kill_on_drop: false }`
[INFO] running `Command { std: "docker" "rm" "-f" "9fb57b5000a0d4869de2ce13bdff40aa72cf89a2eb39627543430f9d58686208", kill_on_drop: false }`
[INFO] [stdout] 9fb57b5000a0d4869de2ce13bdff40aa72cf89a2eb39627543430f9d58686208
[INFO] running `Command { std: "docker" "create" "-v" "/var/lib/crater-agent-workspace/builds/worker-3/target:/opt/rustwide/target:rw,Z" "-v" "/var/lib/crater-agent-workspace/builds/worker-3/source:/opt/rustwide/workdir:ro,Z" "-v" "/var/lib/crater-agent-workspace/cargo-home:/opt/rustwide/cargo-home:ro,Z" "-v" "/var/lib/crater-agent-workspace/rustup-home:/opt/rustwide/rustup-home:ro,Z" "-e" "SOURCE_DIR=/opt/rustwide/workdir" "-e" "CARGO_TARGET_DIR=/opt/rustwide/target" "-e" "CARGO_INCREMENTAL=0" "-e" "RUST_BACKTRACE=full" "-e" "RUSTFLAGS=--cap-lints=forbid" "-e" "CARGO_HOME=/opt/rustwide/cargo-home" "-e" "RUSTUP_HOME=/opt/rustwide/rustup-home" "-w" "/opt/rustwide/workdir" "-m" "1610612736" "--user" "0:0" "--network" "none" "rustops/crates-build-env@sha256:d92eaeed33fa75130ca1ee6c8a01d1ffb62bac859dfdfb3450e3e5d1c0146529" "/opt/rustwide/cargo-home/bin/cargo" "+af3c6e733a40e671550e0f0f5aeecaa13772ba56" "check" "--frozen" "--all" "--all-targets" "--message-format=json", kill_on_drop: false }`
[INFO] [stdout] 22e88d328f19a8ada59ae29813f80d3d328dc281c54ba8fac7984bfa1334c830
[INFO] [stderr] WARNING: Your kernel does not support swap limit capabilities or the cgroup is not mounted. Memory limited without swap.
[INFO] running `Command { std: "docker" "start" "-a" "22e88d328f19a8ada59ae29813f80d3d328dc281c54ba8fac7984bfa1334c830", kill_on_drop: false }`
[INFO] [stderr]     Blocking waiting for file lock on package cache
[INFO] [stderr]     Blocking waiting for file lock on package cache
[INFO] [stderr]    Compiling libc v0.2.71
[INFO] [stderr]    Compiling autocfg v1.0.0
[INFO] [stderr]    Compiling proc-macro2 v1.0.18
[INFO] [stderr]    Compiling maybe-uninit v2.0.0
[INFO] [stderr]    Compiling syn v1.0.31
[INFO] [stderr]    Compiling serde v1.0.112
[INFO] [stderr]    Compiling scopeguard v1.1.0
[INFO] [stderr]    Compiling log v0.4.8
[INFO] [stderr]     Checking lazy_static v1.4.0
[INFO] [stderr]    Compiling byteorder v1.3.4
[INFO] [stderr]    Compiling rand_core v0.4.2
[INFO] [stderr]    Compiling adler32 v1.1.0
[INFO] [stderr]    Compiling failure_derive v0.1.8
[INFO] [stderr]    Compiling proc-macro2 v0.4.30
[INFO] [stderr]    Compiling syn v0.15.44
[INFO] [stderr]    Compiling memchr v2.3.3
[INFO] [stderr]     Checking futures v0.1.29
[INFO] [stderr]    Compiling autocfg v0.1.7
[INFO] [stderr]    Compiling gimli v0.21.0
[INFO] [stderr]    Compiling rustc-demangle v0.1.16
[INFO] [stderr]    Compiling object v0.20.0
[INFO] [stderr]     Checking fnv v1.0.7
[INFO] [stderr]     Checking slab v0.4.2
[INFO] [stderr]    Compiling semver-parser v0.7.0
[INFO] [stderr]     Checking either v1.5.3
[INFO] [stderr]    Compiling faster-hex v0.4.1
[INFO] [stderr]    Compiling bitflags v1.2.1
[INFO] [stderr]    Compiling crc32fast v1.2.0
[INFO] [stderr]    Compiling unicode-xid v0.0.4
[INFO] [stderr]    Compiling quote v0.3.15
[INFO] [stderr]     Checking once_cell v1.4.0
[INFO] [stderr]    Compiling siphasher v0.2.3
[INFO] [stderr]    Compiling typenum v1.12.0
[INFO] [stderr]    Compiling serde_json v1.0.55
[INFO] [stderr]     Checking unicode-xid v0.2.0
[INFO] [stderr]    Compiling pkg-config v0.3.17
[INFO] [stderr]    Compiling same-file v1.0.6
[INFO] [stderr]     Checking matches v0.1.8
[INFO] [stderr]    Compiling getrandom v0.1.14
[INFO] [stderr]    Compiling faster-hex v0.3.1
[INFO] [stderr]     Checking bit-vec v0.5.1
[INFO] [stderr]     Checking try-lock v0.2.2
[INFO] [stderr]    Compiling httparse v1.3.4
[INFO] [stderr]    Compiling glob v0.3.0
[INFO] [stderr]    Compiling openssl v0.10.29
[INFO] [stderr]     Checking futures-core v0.3.5
[INFO] [stderr]     Checking foreign-types-shared v0.1.1
[INFO] [stderr]    Compiling native-tls v0.2.4
[INFO] [stderr]    Compiling quick-error v1.2.3
[INFO] [stderr]     Checking percent-encoding v2.1.0
[INFO] [stderr]    Compiling unicode-width v0.1.7
[INFO] [stderr]     Checking openssl-probe v0.1.2
[INFO] [stderr]    Compiling strsim v0.8.0
[INFO] [stderr]    Compiling termcolor v1.1.0
[INFO] [stderr]    Compiling bindgen v0.53.3
[INFO] [stderr]    Compiling lazycell v1.2.1
[INFO] [stderr]    Compiling rustc-hash v1.1.0
[INFO] [stderr]     Checking plain v0.2.3
[INFO] [stderr]    Compiling shlex v0.1.1
[INFO] [stderr]    Compiling encoding_rs v0.8.23
[INFO] [stderr]     Checking eaglesong v0.1.0
[INFO] [stderr]     Checking pin-utils v0.1.0
[INFO] [stderr]     Checking futures-sink v0.3.5
[INFO] [stderr]    Compiling ckb-script v0.35.0-pre (https://github.com/nervosnetwork/ckb?tag=v0.35.0-rc1#0c1a61c0)
[INFO] [stderr]     Checking mime v0.3.16
[INFO] [stderr]     Checking ckb-vm-definitions v0.19.1
[INFO] [stderr]     Checking tower-service v0.3.0
[INFO] [stderr]    Compiling nix v0.17.0
[INFO] [stderr]     Checking smallvec v1.4.0
[INFO] [stderr]     Checking void v1.0.2
[INFO] [stderr]     Checking ansi_term v0.11.0
[INFO] [stderr]     Checking replace_with v0.1.5
[INFO] [stderr]     Checking base64 v0.12.2
[INFO] [stderr]     Checking vec_map v0.8.2
[INFO] [stderr]     Checking bech32 v0.6.0
[INFO] [stderr]     Checking hex v0.4.2
[INFO] [stderr]     Checking merkle-cbt v0.2.2
[INFO] [stderr]    Compiling thread_local v1.0.1
[INFO] [stderr]     Checking try_from v0.3.2
[INFO] [stderr]    Compiling crossbeam-utils v0.6.6
[INFO] [stderr]    Compiling miniz_oxide v0.3.7
[INFO] [stderr]    Compiling rand_core v0.3.1
[INFO] [stderr]    Compiling rand_jitter v0.1.4
[INFO] [stderr]    Compiling nom v5.1.2
[INFO] [stderr]    Compiling error-chain v0.12.2
[INFO] [stderr]    Compiling synom v0.11.3
[INFO] [stderr]    Compiling semver v0.9.0
[INFO] [stderr]    Compiling crossbeam-utils v0.7.2
[INFO] [stderr]    Compiling memoffset v0.5.4
[INFO] [stderr]    Compiling crossbeam-epoch v0.8.2
[INFO] [stderr]    Compiling rayon v1.3.1
[INFO] [stderr]    Compiling indexmap v1.4.0
[INFO] [stderr]    Compiling num-traits v0.2.12
[INFO] [stderr]    Compiling num-integer v0.1.43
[INFO] [stderr]     Checking lock_api v0.3.4
[INFO] [stderr]     Checking futures-task v0.3.5
[INFO] [stderr]    Compiling phf_shared v0.7.24
[INFO] [stderr]    Compiling rand_chacha v0.1.1
[INFO] [stderr]    Compiling rand_pcg v0.1.2
[INFO] [stderr]    Compiling rand v0.6.5
[INFO] [stderr]     Checking unicode-bidi v0.3.4
[INFO] [stderr]    Compiling walkdir v2.3.1
[INFO] [stderr]     Checking futures-channel v0.3.5
[INFO] [stderr]     Checking foreign-types v0.3.2
[INFO] [stderr]    Compiling humantime v1.3.0
[INFO] [stderr]    Compiling textwrap v0.11.0
[INFO] [stderr]     Checking block-padding v0.1.5
[INFO] [stderr]     Checking tokio-sync v0.1.8
[INFO] [stderr]    Compiling clang-sys v0.29.3
[INFO] [stderr]    Compiling rand_xorshift v0.1.1
[INFO] [stderr]    Compiling rand_isaac v0.1.1
[INFO] [stderr]    Compiling rand_hc v0.1.0
[INFO] [stderr]    Compiling heapsize v0.4.2
[INFO] [stderr]    Compiling crossbeam-channel v0.3.9
[INFO] [stderr]    Compiling syn v0.11.11
[INFO] [stderr]    Compiling phf v0.7.24
[INFO] [stderr]    Compiling rustc_version v0.2.3
[INFO] [stderr]     Checking idna v0.2.0
[INFO] [stderr]     Checking idna v0.1.5
[INFO] [stderr]     Checking want v0.2.0
[INFO] [stderr]     Checking want v0.3.0
[INFO] [stderr]     Checking smallvec v0.6.13
[INFO] [stderr]     Checking addr2line v0.12.1
[INFO] [stderr]    Compiling aho-corasick v0.7.10
[INFO] [stderr]     Checking bstr v0.2.13
[INFO] [stderr]     Checking base64 v0.9.3
[INFO] [stderr]     Checking base64 v0.10.1
[INFO] [stderr]     Checking bitcoin_hashes v0.3.2
[INFO] [stderr]     Checking quote v1.0.7
[INFO] [stderr]    Compiling quote v0.6.13
[INFO] [stderr]    Compiling parking_lot_core v0.6.2
[INFO] [stderr]    Compiling parking_lot v0.9.0
[INFO] [stderr]    Compiling hyper v0.12.35
[INFO] [stderr]     Checking url v2.1.1
[INFO] [stderr]     Checking url v1.7.2
[INFO] [stderr]     Checking iovec v0.1.4
[INFO] [stderr]     Checking num_cpus v1.13.0
[INFO] [stderr]     Checking backtrace v0.3.49
[INFO] [stderr]     Checking net2 v0.2.34
[INFO] [stderr]     Checking rand v0.5.6
[INFO] [stderr]     Checking time v0.1.43
[INFO] [stderr]     Checking rand_os v0.1.3
[INFO] [stderr]     Checking flate2 v1.0.14
[INFO] [stderr]     Checking memmap v0.7.0
[INFO] [stderr]     Checking socket2 v0.3.12
[INFO] [stderr]     Checking atty v0.2.14
[INFO] [stderr]     Checking parking_lot_core v0.7.2
[INFO] [stderr]     Checking generic-array v0.12.3
[INFO] [stderr]    Compiling which v3.1.1
[INFO] [stderr]     Checking tokio-executor v0.1.10
[INFO] [stderr]     Checking crossbeam-queue v0.2.3
[INFO] [stderr]     Checking regex v1.3.9
[INFO] [stderr]     Checking bytes v0.4.12
[INFO] [stderr]     Checking futures-cpupool v0.1.8
[INFO] [stderr]     Checking rand_core v0.5.1
[INFO] [stderr]     Checking mio v0.6.22
[INFO] [stderr]     Checking clap v2.33.1
[INFO] [stderr]     Checking cookie v0.12.0
[INFO] [stderr]     Checking parking_lot v0.10.2
[INFO] [stderr]     Checking block-cipher-trait v0.6.2
[INFO] [stderr]     Checking digest v0.8.1
[INFO] [stderr]     Checking crypto-mac v0.7.0
[INFO] [stderr]     Checking block-buffer v0.7.3
[INFO] [stderr]     Checking stream-cipher v0.3.2
[INFO] [stderr]     Checking includedir v0.5.0
[INFO] [stderr]    Compiling enum-display-derive v0.1.0
[INFO] [stderr]     Checking tokio-current-thread v0.1.7
[INFO] [stderr]     Checking tokio-timer v0.2.13
[INFO] [stderr]     Checking mime_guess v2.0.3
[INFO] [stderr]     Checking crossbeam-deque v0.7.3
[INFO] [stderr]    Compiling cexpr v0.4.0
[INFO] [stderr]     Checking rand_chacha v0.2.2
[INFO] [stderr]     Checking tokio-io v0.1.13
[INFO] [stderr]     Checking http v0.1.21
[INFO] [stderr]     Checking string v0.2.1
[INFO] [stderr]     Checking tokio-buf v0.1.1
[INFO] [stderr]     Checking chrono v0.4.11
[INFO] [stderr]     Checking aes-soft v0.3.3
[INFO] [stderr]     Checking mio-uds v0.6.8
[INFO] [stderr]     Checking pbkdf2 v0.3.0
[INFO] [stderr]     Checking hmac v0.7.1
[INFO] [stderr]     Checking ctr v0.3.2
[INFO] [stderr]     Checking sha2 v0.8.2
[INFO] [stderr]     Checking publicsuffix v1.5.4
[INFO] [stderr]     Checking globset v0.4.5
[INFO] [stderr]     Checking env_logger v0.7.1
[INFO] [stderr]     Checking uuid v0.7.4
[INFO] [stderr]     Checking tokio-threadpool v0.1.18
[INFO] [stderr]    Compiling phf_generator v0.7.24
[INFO] [stderr]    Compiling rayon-core v1.7.1
[INFO] [stderr]     Checking rand v0.7.3
[INFO] [stderr]     Checking tokio-codec v0.1.2
[INFO] [stderr]     Checking aes-ctr v0.3.0
[INFO] [stderr]     Checking scrypt v0.2.0
[INFO] [stderr]    Compiling phf_codegen v0.7.24
[INFO] [stderr]     Checking tokio-reactor v0.1.12
[INFO] [stderr]     Checking tokio-fs v0.1.7
[INFO] [stderr]    Compiling includedir_codegen v0.5.0
[INFO] [stderr]     Checking ctrlc v3.1.4
[INFO] [stderr]     Checking tokio-uds v0.2.6
[INFO] [stderr]     Checking tokio-udp v0.1.6
[INFO] [stderr]     Checking tokio-tcp v0.1.4
[INFO] [stderr]     Checking http-body v0.1.0
[INFO] [stderr]     Checking h2 v0.1.26
[INFO] [stderr]     Checking tokio v0.1.22
[INFO] [stderr]     Checking tempfile v3.1.0
[INFO] [stderr]    Compiling numext-constructor v0.1.4
[INFO] [stderr]    Compiling cc v1.0.41
[INFO] [stderr]    Compiling synstructure v0.12.4
[INFO] [stderr]    Compiling blake2b-rs v0.1.5
[INFO] [stderr]    Compiling openssl-sys v0.9.58
[INFO] [stderr]    Compiling libloading v0.5.2
[INFO] [stderr]    Compiling secp256k1-sys v0.1.2
[INFO] [stderr]    Compiling ckb-vm v0.19.1
[INFO] [stderr]    Compiling ckb-hash v0.35.0-pre (https://github.com/nervosnetwork/ckb?tag=v0.35.0-rc1#0c1a61c0)
[INFO] [stderr]     Checking sparse-merkle-tree v0.3.0
[INFO] [stderr]    Compiling ckb-system-scripts v0.5.1
[INFO] [stderr]     Checking secp256k1 v0.17.2
[INFO] [stderr]    Compiling serde_derive v1.0.112
[INFO] [stderr]    Compiling pin-project-internal v0.4.22
[INFO] [stderr]    Compiling scroll_derive v0.10.2
[INFO] [stderr]    Compiling derive_more v0.99.8
[INFO] [stderr]     Checking scroll v0.10.1
[INFO] [stderr]    Compiling failure v0.1.8
[INFO] [stderr]     Checking goblin v0.2.3
[INFO] [stderr]     Checking pin-project v0.4.22
[INFO] [stderr]     Checking futures-util v0.3.5
[INFO] [stderr]     Checking hyper-tls v0.3.2
[INFO] [stderr]    Compiling librocksdb-sys v6.7.4
[INFO] [stderr]     Checking bytes v0.5.4
[INFO] [stderr]     Checking ckb-fixed-hash-core v0.35.0-pre (https://github.com/nervosnetwork/ckb?tag=v0.35.0-rc1#0c1a61c0)
[INFO] [stderr]     Checking numext-fixed-uint-core v0.1.4
[INFO] [stderr]     Checking ckb-occupied-capacity-core v0.35.0-pre (https://github.com/nervosnetwork/ckb?tag=v0.35.0-rc1#0c1a61c0)
[INFO] [stderr]     Checking toml v0.5.6
[INFO] [stderr]     Checking serde_urlencoded v0.5.5
[INFO] [stderr]     Checking serde_urlencoded v0.6.1
[INFO] [stderr]     Checking bincode v1.2.1
[INFO] [stderr]    Compiling ckb-occupied-capacity-macros v0.35.0-pre (https://github.com/nervosnetwork/ckb?tag=v0.35.0-rc1#0c1a61c0)
[INFO] [stderr]    Compiling ckb-fixed-hash-hack v0.35.0-pre (https://github.com/nervosnetwork/ckb?tag=v0.35.0-rc1#0c1a61c0)
[INFO] [stderr]     Checking molecule v0.6.0
[INFO] [stderr]     Checking tokio v0.2.21
[INFO] [stderr]     Checking http v0.2.1
[INFO] [stderr]     Checking jsonrpc-core v14.2.0
[INFO] [stderr]     Checking ckb-logger v0.35.0-pre (https://github.com/nervosnetwork/ckb?tag=v0.35.0-rc1#0c1a61c0)
[INFO] [stderr]     Checking cookie_store v0.7.0
[INFO] [stderr]     Checking ckb-occupied-capacity v0.35.0-pre (https://github.com/nervosnetwork/ckb?tag=v0.35.0-rc1#0c1a61c0)
[INFO] [stderr]    Compiling ckb-error v0.35.0-pre (https://github.com/nervosnetwork/ckb?tag=v0.35.0-rc1#0c1a61c0)
[INFO] [stderr]    Compiling proc-macro-crate v0.1.4
[INFO] [stderr]     Checking jsonrpc-server-utils v14.2.0
[INFO] [stderr]     Checking reqwest v0.9.24
[INFO] [stderr]     Checking jsonrpc-http-server v14.2.0
[INFO] [stderr]    Compiling jsonrpc-derive v14.2.1
[INFO] [stderr]     Checking ckb-fixed-hash v0.35.0-pre (https://github.com/nervosnetwork/ckb?tag=v0.35.0-rc1#0c1a61c0)
[INFO] [stderr]     Checking ckb-crypto v0.35.0-pre (https://github.com/nervosnetwork/ckb?tag=v0.35.0-rc1#0c1a61c0)
[INFO] [stderr]     Checking http-body v0.3.1
[INFO] [stderr]     Checking tokio-util v0.3.1
[INFO] [stderr]     Checking tokio-tls v0.3.1
[INFO] [stderr]     Checking h2 v0.2.5
[INFO] [stderr] error: could not compile `jsonrpc-derive`.
[INFO] [stderr] 
[INFO] [stderr] Caused by:
[INFO] [stderr]   process didn't exit successfully: `rustc --crate-name jsonrpc_derive --edition=2018 /opt/rustwide/cargo-home/registry/src/github.com-1ecc6299db9ec823/jsonrpc-derive-14.2.1/src/lib.rs --error-format=json --json=diagnostic-rendered-ansi --crate-type proc-macro --emit=dep-info,link -C prefer-dynamic -C embed-bitcode=no -C debuginfo=2 -C metadata=237f9d1b9deb8b9a -C extra-filename=-237f9d1b9deb8b9a --out-dir /opt/rustwide/target/debug/deps -L dependency=/opt/rustwide/target/debug/deps --extern proc_macro_crate=/opt/rustwide/target/debug/deps/libproc_macro_crate-37c640d52011660e.rlib --extern proc_macro2=/opt/rustwide/target/debug/deps/libproc_macro2-bf4813e94b7a1858.rlib --extern quote=/opt/rustwide/target/debug/deps/libquote-9d6325b9ced853e4.rlib --extern syn=/opt/rustwide/target/debug/deps/libsyn-3ecdeaa59bf4e485.rlib --extern proc_macro --cap-lints allow --cap-lints=forbid` (signal: 9, SIGKILL: kill)
[INFO] [stderr] warning: build failed, waiting for other jobs to finish...
[INFO] [stderr] The following warnings were emitted during compilation:
[INFO] [stderr] 
[INFO] [stderr] warning: c++: fatal error: Killed signal terminated program cc1plus
[INFO] [stderr] warning: compilation terminated.
[INFO] [stderr] warning: c++: fatal error: Killed signal terminated program cc1plus
[INFO] [stderr] warning: compilation terminated.
[INFO] [stderr] warning: c++: fatal error: Killed signal terminated program cc1plus
[INFO] [stderr] warning: compilation terminated.
[INFO] [stderr] warning: c++: fatal error: Killed signal terminated program cc1plus
[INFO] [stderr] warning: compilation terminated.
[INFO] [stderr] 
[INFO] [stderr] error: build failed
[INFO] running `Command { std: "docker" "inspect" "22e88d328f19a8ada59ae29813f80d3d328dc281c54ba8fac7984bfa1334c830", kill_on_drop: false }`
[INFO] running `Command { std: "docker" "rm" "-f" "22e88d328f19a8ada59ae29813f80d3d328dc281c54ba8fac7984bfa1334c830", kill_on_drop: false }`
[INFO] [stdout] 22e88d328f19a8ada59ae29813f80d3d328dc281c54ba8fac7984bfa1334c830
